2 + 173*v + 1524. Give l(-43).
-368
Let x(f) = -140*f - 698. What is x(-5)?
2
Let p(w) = 61*w - 2336. What is p(38)?
-18
Let u(j) = -5*j**2 - 79*j - 73. Determine u(-15).
-13
Let z(j) = -2*j**3 + 4*j**2 + 18*j + 34. Calculate z(-3).
70
Let d(n) = -459*n - 13318. Determine d(-29).
-7
Let x(r) = 6*r - 70. Determine x(6).
-34
Let y(b) = -33*b + 767. What is y(20)?
107
Let u(t) = -t**3 + 14*t**2 - 18*t + 56. Calculate u(14).
-196
Let p(l) = -20*l + 49. Calculate p(-32).
689
Let z(k) = -2*k**2 + 52*k - 151. Calculate z(21).
59
Let r(o) = -o**2 + 19*o - 29. Determine r(9).
61
Let k(i) = 71*i - 3841. What is k(54)?
-7
Let h(g) = g**3 + 150*g**2 + 296*g - 59. Determine h(-148).
-59
Let a(x) = -568*x + 3396. Determine a(6).
-12
Let b(a) = 105*a + 81. Calculate b(0).
81
Let i(o) = -3*o**3 - 17*o**2 + 67*o - 7. Give i(4).
-203
Let t(j) = -66*j + 1351. Calculate t(21).
-35
Let h(v) = v**2 - 30*v - 42. Determine h(21).
-231
Let z(u) = -2*u + 67. Calculate z(27).
13
Let p(t) = -t**3 + 8*t**2 + 21*t - 17. Calculate p(10).
-7
Let i(l) = -l**3 - l**2 - 9*l - 44. Determine i(-3).
1
Let l(g) = -2*g**2 + 112*g - 17. Determine l(55).
93
Let p(a) = 2*a**3 - 18*a**2 - 50*a + 403. Determine p(9).
-47
Let i(b) = -b**3 + 22*b**2 - 83*b + 884. Give i(20).
24
Let r(d) = -279*d + 21212. Calculate r(76).
8
Let d(r) = 7*r - 274. Determine d(17).
-155
Let n(m) = 2*m**2 + 249*m + 617. Calculate n(-122).
7
Let s(y) = 4337*y - 8689. Give s(2).
-15
Let o(c) = -217*c - 2319. Determine o(-11).
68
Let w(k) = -k**3 - 204*k**2 + 398*k - 2892. Calculate w(-206).
-8
Let o(w) = 5*w + 370. Give o(-71).
15
Let t(l) = -21*l**2 + 62*l + 14. Give t(-5).
-821
Let d(y) = -y**3 + 42*y - 4. What is d(6)?
32
Let c(y) = 34*y + 479. Calculate c(-15).
-31
Let a(t) = 2*t**2 - 57*t + 419. Determine a(11).
34
Let h(k) = -13111*k + 65554. What is h(5)?
-1
Let t(i) = i**3 + 16*i**2 + 35*i - 67. Give t(-13).
-15
Let t(w) = 4*w**2 + 25*w + 91. Calculate t(-5).
66
Let h(l) = 120*l - 1439. Calculate h(12).
1
Let z(n) = -45*n**2 + 2058*n + 552. What is z(46)?
0
Let p(t) = 11*t**2 + 309*t + 1614. Give p(-7).
-10
Let h(j) = -12*j**3 + 10*j + 18. Determine h(-2).
94
Let j(y) = 22*y + 175. Calculate j(-15).
-155
Let x(y) = y**3 + 8*y**2 - 346*y + 6. Give x(15).
-9
Let g(p) = -p**2 - 44*p + 243. Determine g(-49).
-2
Let m(i) = -167*i - 2122. Determine m(-15).
383
Let q(a) = -2*a**3 + 16*a**2 + 5*a - 15. Give q(8).
25
Let l(g) = -5*g**2 + 13*g + 16. Calculate l(-1).
-2
Let g(h) = 2*h**2 - 70*h - 59. Give g(36).
13
Let w(g) = -7*g**2 + 7*g - 9. Give w(4).
-93
Let q(k) = -5105*k + 25519. Give q(5).
-6
Let w(d) = -d**3 - 97*d**2 + 846*d + 633. Give w(-105).
3
Let b(s) = -760*s + 3123. Determine b(4).
83
Let y(a) = -a**2 - 7*a + 73. Give y(-10).
43
Let c(f) = 3*f**2 + 9*f - 69. Calculate c(-7).
15
Let z(u) = -5*u - 52. Determine z(-17).
33
Let i(q) = -7*q**2 - 102*q + 65. Give i(-15).
20
Let r(o) = -12*o**2 - 213*o + 29. What is r(-18)?
-25
Let k(r) = -239*r + 8365. Give k(35).
0
Let z(x) = -x**3 + 95*x**2 - 188*x + 210. Give z(93).
24
Let a(f) = f**2 - 36*f + 131. Calculate a(29).
-72
Let s(a) = a**3 + 218*a**2 - 544*a - 71181. Calculate s(-219).
-6
Let r(g) = -66*g - 1066. What is r(-16)?
-10
Let d(s) = -2*s**2 + 15*s - 3. Give d(9).
-30
Let i(h) = h**2 + 31*h + 294. Determine i(-28).
210
Let p(i) = -282*i + 1120. Calculate p(4).
-8
Let w(q) = -2601*q + 18204. What is w(7)?
-3
Let m(p) = -p**3 - 15*p**2 + 31*p - 70. Determine m(-17).
-19
Let b(o) = o**2 - 249*o + 20. What is b(0)?
20
Let j(q) = 8*q + 46. Calculate j(-20).
-114
Let p(o) = 5*o**2 + 44*o - 362. Determine p(5).
-17
Let i(v) = 75*v - 865. Calculate i(12).
35
Let t(r) = -2*r - 136. What is t(-58)?
-20
Let b(d) = -12*d**3 - 4*d**2 + 2*d + 5. What is b(-3)?
287
Let l(s) = s**2 - 14*s + 84. Give l(9).
39
Let t(s) = -s**3 - 24*s**2 - 59*s - 49. Determine t(-22).
281
Let d(y) = -122*y - 2341. Determine d(-19).
-23
Let z(n) = 3*n**3 + 26*n**2 - 4*n + 7. What is z(-9)?
-38
Let x(f) = f**3 + 16*f**2 + 46*f + 266. Calculate x(-14).
14
Let g(c) = -c**3 + 403*c**2 + 822*c + 9. What is g(-2)?
-15
Let z(s) = -95*s + 397. What is z(4)?
17
Let w(f) = 17*f + 918. What is w(-53)?
17
Let x(t) = -2*t**3 - 46*t**2 + 2*t - 49. What is x(-23)?
-95
Let b(a) = -a**3 + 30*a**2 - 32*a + 93. Determine b(29).
6
Let i(s) = 7*s + 703. Give i(-64).
255
Let u(b) = -b**2 + 43*b - 172. What is u(5)?
18
Let k(h) = -6*h**3 - 163*h**2 - 30*h - 77. Give k(-27).
4
Let h(o) = -8*o**3 - 37*o**2 + 4*o - 56. Calculate h(-5).
-1
Let q(l) = -19*l**2 - 9*l + 68. Calculate q(5).
-452
Let w(z) = z**3 + 43*z**2 - 42*z - 42. Determine w(-44).
-130
Let d(a) = -a**3 + 7*a**2 + 25*a - 86. Give d(9).
-23
Let n(t) = 1031*t + 117562. Give n(-114).
28
Let k(o) = o**3 - 12*o**2 - 28*o + 26. Calculate k(14).
26
Let x(i) = -488*i - 11681. Give x(-24).
31
Let l(c) = 3*c**3 - c**2 - c. What is l(2)?
18
Let o(l) = -2*l**2 + 11*l + 86. What is o(-9)?
-175
Let a(f) = f**2 - 30*f + 283. Give a(0).
283
Let i(f) = 48*f - 122. What is i(6)?
166
Let p(c) = 3*c**2 + 547*c - 922. Calculate p(-184).
-2
Let s(z) = -3*z**3 - 16*z**2 + 127*z - 11. Give s(5).
-151
Let a(x) = -7520*x + 150391. Determine a(20).
-9
Let v(j) = -98*j + 8134. Determine v(83).
0
Let a(r) = -493*r - 3947. Determine a(-8).
-3
Let k(f) = -3*f**2 - 577*f + 3378. Determine k(-198).
12
Let i(v) = 41*v**2 + 330*v + 6. Calculate i(-8).
-10
Let o(j) = -j**3 + 13*j**2 - 5*j - 94. What is o(11)?
93
Let h(c) = c**2 + 34*c + 132. What is h(-8)?
-76
Let t(y) = -y**3 - 7*y**2 - 10*y - 40. What is t(-7)?
30
Let g(p) = p**2 + 61*p + 111. Determine g(-59).
-7
Let j(m) = m**3 + 71*m**2 - 3*m - 207. Determine j(-71).
6
Let s(l) = -1374*l - 39818. Determine s(-29).
28
Let p(r) = 2*r**2 + 157*r + 1072. What is p(-71)?
7
Let m(x) = 3*x**3 + 6*x**2 + 52*x - 251. What is m(5)?
534
Let x(p) = 9*p**3 + 7*p**2 + 9*p + 10. Calculate x(-3).
-197
Let h(m) = 3236*m + 25900. Give h(-8).
12
Let l(k) = -1244*k + 3869. Give l(3).
137
Let u(s) = -s**3 + 171*s**2 + 13*s - 2258. What is u(171)?
-35
Let d(c) = c**3 - 80*c**2 + 864*c + 475. Calculate d(67).
6
Let z(y) = -1614*y - 4899. Determine z(-3).
-57
Let k(y) = -13*y**2 - 95*y - 144. Give k(-4).
28
Let w(u) = 14*u**2 + u - 4. Calculate w(1).
11
Let j(w) = -3*w**3 + 95*w**2 + 61*w - 929. Determine j(32).
-1
Let b(r) = -4*r**3 + 22*r**2 - 12*r + 4. What is b(5)?
-6
Let f(m) = -2*m**2 - 3899*m + 11684. What is f(3)?
-31
Let k(x) = -x**3 + 14*x + 101. Calculate k(0).
101
Let t(y) = -18*y - 741. What is t(-34)?
-129
Let k(z) = -8*z**2 - 381*z + 103. Determine k(-48).
-41
Let d(a) = 78*a + 5852. Calculate d(-75).
2
Let q(v) = -v**3 + 15*v**2 + 6*v + 16. Calculate q(13).
432
Let k(n) = n**2 - 36*n - 2095. What is k(67)?
-18
Let h(b) = 6*b**2 - 24*b + 64. Determine h(3).
46
Let j(r) = -12*r**3 - 3*r**2 - 10*r - 8. Calculate j(-1).
11
Let b(t) = -t**2 + 16*t + 13. Determine b(-2).
-23
Let s(m) = -4*m**3 + 100*m**2 - m + 16. What is s(25)?
-9
Let q(v) = -16*v**2 + 511*v + 41. Determine q(32).
9
Let g(s) = 25*s - 1394. What is g(53)?
-69
Let a(o) = o**2 - 73*o + 941. Determine a(16).
29
Let s(c) = -c**3 + 43*c**2 - 2*c + 140. Give s(43).
54
Let f(m) = m**3 - 11*m**2 - 27*m + 313. Give f(10).
-57
Let n(v) = v**3 - 21*v**2 + 79*v + 23. What is n(16)?
7
Let u(v) = -80*v**2 + 3*v - 16. Determine u(2).
-330
Let c(l) = 233*l + 689. Give c(-3).
-10
Let g(m) = -42*m + 917. Calculate g(8).
581
Let p(d) = d**3 - 7*d**2 + 18*d - 62. Determine p(6).
10
Let d(n) = -4444*n - 8881. Determine d(-2).
7
Let l(r) = r**2 - 4*r - 42. Determine l(9).
3
Let y(w) = 2*w**3 + 32*w**2 - 112*w + 17. Determine y(-19).
-21
Let f(i) = -2*i**3 - 8*i**2 + 47*i + 90. Calculate f(6).
-348
Let k(q) = -346*q + 14518. Calculate k(42).
-14
Let n(g) = 3*g + 26. Calculate n(-21).
-37
Let t(o) = o**3 + 19*o**2 - 12*o - 132. Calculate t(-20).
-292
Let k(p) = -48*p + 73. Determine k(18).
-791
Let n(h) = -16*h**2 + 275*h - 40. What is n(17)?
11
Let o(p) = 137*p**2 - 7*p. Calculate o(-1).
144
Let t(z) = -9*z**2 + 101*z - 101. Give t(1).
-9
Let j(s) = -9*s - 573. Determine j(-64).
3
Let m(w) = -5*w**3 + 2*w**2 + 5*w - 12. Give m(0).
-12
Let c(k) = -24*k - 1111. Calculate c(-44).
-55
Let o(x) = x**2 + 357*x + 3477. What is o(-10)?
7
Let u(x) = -x**2 - 896*x - 172142. Calculate u(-617).
1
Let 